{"id":31,"date":"2018-10-08T21:04:42","date_gmt":"2018-10-08T21:04:42","guid":{"rendered":"http:\/\/tru-germany.de\/?page_id=31"},"modified":"2018-12-02T10:01:00","modified_gmt":"2018-12-02T10:01:00","slug":"datenschutzerklaerung","status":"publish","type":"page","link":"https:\/\/tru-germany.de\/?page_id=31","title":{"rendered":"Datenschutzerkl\u00e4rung"},"content":{"rendered":"<div class=\"entry-content\">\n<p>Der Schutz und die Sicherheit Ihrer pers\u00f6nlichen Daten steht f\u00fcr uns an erster Stelle. Ihre personenbezogenen Daten werden von uns stets vertraulich und entsprechend der gesetzlichen Datenschutzvorschriften behandelt. Nachfolgend informieren wir Sie dar\u00fcber, welche Art von Daten w\u00e4hrend ihres Besuchs erfasst, zu welchem Zweck sie erhoben und wie lange diese gespeichert werden. Unser Datenschutzbeauftragter hat diese Internetseite im Hinblick auf die Einhaltung datenschutzrechtlicher Vorschriften gepr\u00fcft und freigegeben. Sollten Sie noch Fragen zum Datenschutz haben, wenden Sie sich bitte an:<\/p>\n<p>&nbsp;<\/p>\n<p><strong>Verantwortliche Stelle:<\/strong><\/p>\n<p>Technical Rescue Unit Germany e. V.<\/p>\n<p>Jahnstra\u00dfe 7<\/p>\n<p><span class=\"LrzXr kno-fv\">63505<\/span>\u00a0Langenselbold<\/p>\n<p><a href=\"mailto:info@tru-germany.de\">info@tru-germany.de<\/a><\/p>\n<p>&nbsp;<\/p>\n<p><strong>Rechte hinsichtlich personenbezogener Daten:<\/strong><\/p>\n<p>Die Nutzung unserer Website ist in der Regel ohne Angabe personenbezogener Daten m\u00f6glich. Soweit auf unseren Seiten personenbezogene Daten (beispielsweise Name, Anschrift oder E-Mail-Adressen) erhoben werden, erfolgt dies, soweit m\u00f6glich, stets auf freiwilliger Basis. Diese Daten werden ohne Ihre ausdr\u00fcckliche Zustimmung nicht an Dritte weitergegeben. Auf Antrag erhalten Sie von uns jederzeit unentgeltlich Auskunft \u00fcber die zu Ihrer Person gespeicherten Daten und k\u00f6nnen unrichtige Daten berichtigen lassen (Art. 15 und Art. 16 DSGVO). Sofern die gesetzlichen Voraussetzungen vorliegen, k\u00f6nnen Sie auch eine Sperrung oder L\u00f6schung der gespeicherten Daten verlangen (Art. 17 und Art. 18 DSGVO)<em>. <\/em>Dar\u00fcber hinaus k\u00f6nnen Sie jederzeit nach Art 21 DSGVO gegen die Verarbeitung Ihrer personenbezogenen Daten im Rahmen der Erf\u00fcllung \u00f6ffentlicher Aufgaben Widerspruch einlegen um die Verarbeitung Ihrer personenbezogenen Daten zu stoppen. Die Verarbeitung wird gem\u00e4\u00df Art 21 DSGVO gestoppt sofern nicht zwingende schutzw\u00fcrdige Gr\u00fcnde seitens der verarbeitenden Stelle nachgewiesen werden, die eine Verarbeitung erforderlich machen. Wir weisen darauf hin, dass die Daten\u00fcbertragung im Internet (z.B. bei der Kommunikation per E-Mail) Sicherheitsl\u00fccken aufweisen kann. Ein l\u00fcckenloser Schutz der Daten vor dem Zugriff durch Dritte ist nicht m\u00f6glich. Hierzu sowie zu weiteren Fragen zum Thema personenbezogene Daten k\u00f6nnen Sie sich jederzeit \u00fcber die in der Datenschutzerkl\u00e4rung angegeben Adresse des Datenschutzbeauftragten an uns wenden.<\/p>\n<p>&nbsp;<\/p>\n<p><strong>Zustimmung (Einwilligung) zur Erhebung, Nutzung und Verarbeitung personenbezogener Daten:<\/strong><\/p>\n<p>Au\u00dferhalb gesetzlicher Verpflichtungen d\u00fcrfen personenbezogene Daten nur mit (und im Rahmen) Ihrer Zustimmung erhoben, genutzt oder verarbeitet werden. Um dies zu gew\u00e4hrleisten, k\u00f6nnen Sie, w\u00e4hrend der Nutzung unseres Internetangebots, an verschiedenen Stellen aufgefordert werden, unseren Datenschutzbestimmungen, oder der Verarbeitung Ihrer Daten zu einem bestimmten Zweck (z.B. Kontaktaufnahme mittels Kontaktformular) zuzustimmen. Aus der Nicht-Einwilligung oder einem Widerruf darf Ihnen kein Nachteil entstehen. Ein Widerruf kann nur mit Wirkung f\u00fcr die Zukunft erkl\u00e4rt werden. Wenn sie Ihre Einwilligung widerrufen m\u00f6chten senden Sie uns eine E-Mail an: <a href=\"mailto:info@tru-germany.de\">info@tru-germany.de<\/a><\/p>\n<p>&nbsp;<\/p>\n<p><strong>Einwilligung durch Minderj\u00e4hrige:<\/strong><\/p>\n<p>Personen unter 18 Jahren sollten ohne Zustimmung der Erziehungsberechtigten keine personenbezogenen Daten an uns \u00fcbermitteln. Gem\u00e4\u00df Art. 8 DSGVO d\u00fcrfen Kinder bis 16 Jahre solche Einwilligungen nur mit Zustimmung der Erziehungsberechtigten erkl\u00e4ren. Personenbezogene Daten von Minderj\u00e4hrigen werden nicht bewusst erhoben und verarbeitet.<\/p>\n<p>&nbsp;<\/p>\n<p><strong>Datensicherheit:<\/strong><\/p>\n<p>Wir verwenden technische und organisatorische Ma\u00dfnahmen um Ihre Daten vor dem Zugriff Unberechtigter und vor Manipulation, \u00dcbermittlung, Verlust oder Zerst\u00f6rung zu sch\u00fctzen. Unsere Sicherheitsverfahren \u00fcberpr\u00fcfen wir regelm\u00e4\u00dfig und passen sie dem technologischen Fortschritt an. S\u00e4mtliche an und von uns \u00fcbermittelte Daten werden durch geeignete Verschl\u00fcsselungsverfahren, w\u00e4hrend und nach ihrem Transport, gesch\u00fctzt.<\/p>\n<p>&nbsp;<\/p>\n<p><strong>Offenlegung und Weitergabe personenbezogener Daten:<\/strong><\/p>\n<p>Alle personenbezogenen Daten werden <strong>ausschlie\u00dflich <\/strong>mit Ihrer ausdr\u00fccklichen Zustimmung, oder aufgrund gesetzlicher Verpflichtung, weitergegeben und werden f\u00fcr keine anderen Zwecke, als die in unserer Datenschutzerkl\u00e4rung genannten, verwendet.<\/p>\n<p>&nbsp;<\/p>\n<p><strong>Datenerhebung, Datennutzung und Verarbeitung<\/strong><\/p>\n<p>&nbsp;<\/p>\n<p><strong>Elektronische Datenerhebung innerhalb des Webangebotes:<\/strong><\/p>\n<p>Wenn Sie innerhalb unseres Internetangebots aufgefordert werden Daten \u00fcber sich einzugeben, erfolgt deren Transport \u00fcber das Internet unter Verwendung von SSL-Verschl\u00fcsselung, um Ihre Daten vor einer Kenntnisnahme durch Unbefugte zu sch\u00fctzen.<\/p>\n<p>&nbsp;<\/p>\n<p><strong>Elektronische Post (E-Mail):<\/strong><\/p>\n<p>Wenn Sie uns E-Mails senden wird Ihre E-Mail-Adresse nur f\u00fcr die Korrespondenz mit Ihnen verwendet. Informationen, die Sie unverschl\u00fcsselt per E-Mail an uns senden k\u00f6nnen m\u00f6glicherweise auf dem \u00dcbertragungsweg von Dritten gelesen werden. Wir k\u00f6nnen in der Regel auch Ihre Identit\u00e4t nicht \u00fcberpr\u00fcfen und wissen nicht, wer sich hinter einer E-Mail-Adresse verbirgt, so dass eine rechtssichere Kommunikation durch einfache E-Mail daher nicht gew\u00e4hrleistet ist. Wir setzen zudem sog. SPAM-Filter gegen unerw\u00fcnschte Werbung ein, die in seltenen F\u00e4llen auch normale E-Mails f\u00e4lschlicherweise automatisch als unerw\u00fcnschte Werbung einordnen und l\u00f6schen k\u00f6nnen. E-Mails, die sch\u00e4digende Programme (\u201eViren\u201c) enthalten, werden von uns in jedem Fall automatisch gel\u00f6scht.<\/p>\n<p>&nbsp;<\/p>\n<p><strong>Angaben zu automatisierten Datenerfassung und Speicherung Protokollierung:<\/strong><\/p>\n<p>Wenn Sie diese oder andere Internetseiten aufrufen \u00fcbermitteln Sie \u00fcber Ihren Internetbrowser automatisch Daten an unseren Webserver. Dies sind:<\/p>\n<ul>\n<li>Browsertyp und Browserversion<\/li>\n<li>verwendetes Betriebssystem<\/li>\n<li>Referrer URL<\/li>\n<li>Hostname des zugreifenden Rechners<\/li>\n<li>Uhrzeit der Serveranfrage<\/li>\n<\/ul>\n<p>Diese Daten sind nicht bestimmten Personen zuordenbar. Eine Zusammenf\u00fchrung dieser Daten mit anderen Datenquellen wird nicht vorgenommen. Wir behalten uns vor, diese Daten nachtr\u00e4glich zu pr\u00fcfen, wenn uns konkrete Anhaltspunkte f\u00fcr eine rechtswidrige Nutzung bekannt werden.<\/p>\n<p>&nbsp;<\/p>\n<p><strong>Cookies:<\/strong><\/p>\n<p>Die Internetseiten verwenden teilweise so genannte Cookies. Cookies richten auf Ihrem Rechner keinen Schaden an und enthalten keine Viren. Cookies dienen dazu, unser Angebot nutzerfreundlicher, effektiver und sicherer zu machen. Cookies sind kleine Textdateien, die auf Ihrem Rechner abgelegt werden und die Ihr Browser speichert. Die meisten der von uns verwendeten Cookies sind so genannte \u201cSession-Cookies\u201d. Sie werden nach Ende Ihres Besuchs automatisch gel\u00f6scht. Andere Cookies bleiben auf Ihrem Endger\u00e4t gespeichert bis Sie diese l\u00f6schen. Diese Cookies erm\u00f6glichen es uns, Ihren Browser beim n\u00e4chsten Besuch wiederzuerkennen. Sie k\u00f6nnen Ihren Browser so einstellen, dass Sie \u00fcber das Setzen von Cookies informiert werden und Cookies nur im Einzelfall erlauben, die Annahme von Cookies f\u00fcr bestimmte F\u00e4lle oder generell ausschlie\u00dfen sowie das automatische L\u00f6schen der Cookies beim Schlie\u00dfen des Browsers aktivieren. Bei der Deaktivierung von Cookies kann die Funktionalit\u00e4t dieser Website eingeschr\u00e4nkt sein. Cookies, die zur Durchf\u00fchrung des elektronischen Kommunikationsvorgangs oder zur Bereitstellung bestimmter, von Ihnen erw\u00fcnschter Funktionen (z.B. Warenkorbfunktion) erforderlich sind, werden auf Grundlage von Art. 6 Abs. 1 lit. f DSGVO gespeichert. Der Websitebetreiber hat ein berechtigtes Interesse an der Speicherung von Cookies zur technisch fehlerfreien und optimierten Bereitstellung seiner Dienste. Soweit andere Cookies (z.B. Cookies zur Analyse Ihres Surfverhaltens) gespeichert werden, werden diese in dieser Datenschutzerkl\u00e4rung gesondert behandelt.<\/p>\n<p>&nbsp;<\/p>\n<p><strong>Google Analytics:<\/strong><\/p>\n<p>Google Analytics [Webanalysedienst, Google Inc.] analysiert, auf Basis eines Auftragsdatenverarbeitungsvertrags (ADV- Vertrag), die Nutzung unserer Internetseiten. Google Analytics verwendet hierzu Cookies (kleine Dateien), die auf Ihrem Computer gespeichert werden, um eine Analyse der Nutzung unserer Internetpr\u00e4senz zu erm\u00f6glichen. Die so erzeugten Nutzungs-Informationen werden im Anschluss, zumindest in der Regel, an einen Google Server in den USA \u00fcbertragen und dort gespeichert. Da wir die IP-Anonymisierung auf unseren Seiten <em>-mittels des Codes &lt;anonymizeIp&gt; \u2013 <\/em>aktiviert haben, verk\u00fcrzt Google (<em>innerhalb der EU Mitgliedstaaten oder anderen Vertragsstaaten des EWR) <\/em>die gesammelte IP-Adressen vor deren Transport. Nur in Ausnahmef\u00e4llen werden volle IP-Adressen an Google Server in den USA \u00fcbertragen und erst dort gek\u00fcrzt. In unserem Auftrag wird Google diese Informationen nur verwenden um die Nutzung unserer Internetpr\u00e4senz auszuwerten, um Berichte \u00fcber Websiteaktivit\u00e4ten zusammenzustellen und weitere, mit der Website- und Internetnutzung verbundene, Dienstleistungen, gegen\u00fcber uns (dem Betreiber), zu erbringen. Die durch Ihren Browser \u00fcbermittelte, verk\u00fcrzte und anonymisierte IP-Adresse wird von Google nicht mit anderen Daten zusammengef\u00fchrt. Durch entsprechende Einstellung Ihrer Browser-Software kann eine Speicherung von Cookies zwar verhindert werden, doch dies kann gegebenenfalls dazu f\u00fchren, dass nicht s\u00e4mtliche Funktionen unseres Internetangebots vollumf\u00e4nglich zug\u00e4nglich sind. Sie k\u00f6nnen eine Erfassung, Nutzung, sowie die Verarbeitung Ihrer Daten durch Google jedoch verhindern, indem Sie das hier: http:\/\/tools.google.com\/dlpage\/gaoptout?hl=de verf\u00fcgbare Browser-Plugin herunterladen und installieren. Auch kann eine Erfassung durch Google Analytics verhindert werden, wenn Sie durch Klick auf <em>\u2026. <\/em>einen sog. Opt-Out-Cookie setzten, der die zuk\u00fcnftige Erfassung Ihrer Daten bei Besuchen unserer Website verhindern wird. Weitere Informationen zu den Nutzungsbedingungen und dem Datenschutz bei Google Inc. finden Sie unter: http:\/\/www.google.com\/analytics\/terms\/de.html, bzw. <a href=\"https:\/\/www.google.de\/intl\/de\/policies\/\">https:\/\/www.google.de\/intl\/de\/policies\/<\/a><\/p>\n<p>&nbsp;<\/p>\n<p><strong>Einbindung eines fremden Dienstleisters bei der Realisierung\/ Betriebs einer Website Erhebung von Daten:<\/strong><\/p>\n<p>Wir sammeln keinerlei personenbezogene Daten \u00fcber die Besucher unserer Web-Site. Aufgrund eines Auftragsdatenverarbeitungsvertrags (ADV-Vertrag) speichert unser Service-Provider von Ihrem Besuch, je nach verwendetem Zugriffsprotokoll, folgende Daten:<\/p>\n<p>\u2013 Datum und Uhrzeit der Anforderung,<\/p>\n<p>\u2013 vom anfordernden Rechner gew\u00fcnschte Zugriffsmethode\/Funktion,<\/p>\n<p>\u2013 vom anfordernden Rechner \u00fcbermittelte Eingabewerte (Dateiname, \u2026),<\/p>\n<p>\u2013 Zugriffsstatus des Web-Servers (Datei \u00fcbertragen, Datei nicht gefunden, Kommando nicht ausgef\u00fchrt, etc.),<\/p>\n<p>\u2013 sowie Name der angeforderten Datei.<\/p>\n<p>Nicht gespeichert wird die IP-Adresse des Rechners von dem die Anfrage abgeschickt wurde.<\/p>\n<p>&nbsp;<\/p>\n<p><strong>Disclaimer Externer Links:<\/strong><\/p>\n<p>Externe Links \u00f6ffnen sich in einem neuen Fenster. Durch diese Aufruf- und Verlinkungsmethodik vermeiden wir eine automatische kurzzeitige Zwischenspeicherung dieser \u201efremden Informationen\u201c, so dass wir keine Verantwortung f\u00fcr den Datenschutz f\u00fcr diese fremden Inhalte tragen. Durch externe Links vermitteln wir ausschlie\u00dflich den Zugang zur Nutzung dieser Inhalte (\u00a7 8 TMG): Wir sind f\u00fcr diese Inhalte nicht verantwortlich, da wir weder die \u00dcbermittlung der Information veranlasst, den Adressaten der \u00fcbermittelten Informationen und die \u00fcbermittelten Informationen selbst ausgew\u00e4hlt oder ver\u00e4ndert haben.<\/p>\n<p><strong>Verwendung einer 2-Klick-L\u00f6sung:<\/strong><\/p>\n<p>Wir setzten bei der Benutzung von Social-Media-Plugins auf eine sogenannte 2 Klick L\u00f6sung. Somit werden beim Besuch unseres Internetauftritts keine Daten an Dritte weitergeleitet. Eine \u00dcbermittlung von Daten erfolgt erst dann, wenn Sie diesem zustimmen. Ihre Zustimmung geben Sie ab, in dem Sie auf einen angezeigten Inhalt einer Social Media Plattform klicken.<\/p>\n<p>&nbsp;<\/p>\n<p><strong>Einsatz von Facebook-Komponenten:<\/strong><\/p>\n<p>Wir setzen auf unserer Seite Komponenten des Anbieters facebook.com ein. Facebook ist ein Service der Facebook Inc., 1601 S. California Ave, Palo Alto, CA 94304, USA.<\/p>\n<p>Bei jedem einzelnen Abruf unserer Webseite, die mit einer solchen Komponente ausgestattet ist, veranlasst diese Komponente, dass der von Ihnen verwendete Browser eine entsprechende Darstellung der Komponente von Facebook herunterl\u00e4dt. Durch diesen Vorgang wird Facebook dar\u00fcber in Kenntnis gesetzt, welche konkrete Seite unserer Internetpr\u00e4senz gerade durch Sie besucht wird. Wenn Sie unsere Seite aufrufen und w\u00e4hrenddessen bei Facebook eingeloggt sind, erkennt Facebook durch die von der Komponente gesammelte Information, welche konkrete Seite Sie besuchen und ordnet diese Informationen Ihrem pers\u00f6nlichen Account auf Facebook zu. Klicken Sie z.B. den \u201eGef\u00e4llt mir\u201c-Button an oder geben Sie entsprechende Kommentare ab, werden diese Informationen an Ihr pers\u00f6nliches Benutzerkonto auf Facebook \u00fcbermittelt und dort gespeichert. Dar\u00fcber hinaus wird die Information, dass Sie unsere Seite besucht haben, an Facebook weitergegeben. Dies geschieht unabh\u00e4ngig davon, ob Sie die Komponente anklicken oder nicht. Wir haben Facebook jedoch durch eine Zwei Klick L\u00f6sung eingebunden, dadurch werden Ihre Daten erst nach Aufruf des Beitrags an Facebook \u00fcbermittelt. Wenn Sie diese \u00dcbermittlung und Speicherung von Daten \u00fcber Sie und Ihr Verhalten auf unserer Webseite durch Facebook unterbinden wollen, m\u00fcssen Sie sich bei Facebook ausloggen und zwar bevor Sie unsere Seite besuchen. Die Datenschutzhinweise von Facebook geben hierzu n\u00e4here Informationen, insbesondere zur Erhebung und Nutzung der Daten durch Facebook, zu Ihren diesbez\u00fcglichen Rechten sowie zu den Einstellungsm\u00f6glichkeiten zum Schutz Ihrer Privatsph\u00e4re: https:\/\/de-de.facebook.com\/about\/privacy\/<\/p>\n<p>Eine \u00dcbersicht \u00fcber die Facebook-Plugins finden Sie unter <a href=\"https:\/\/developers.facebook.com\/docs\/plugins\/\">https:\/\/developers.facebook.com\/docs\/plugins\/<\/a><\/p>\n<p>&nbsp;<\/p>\n<p><strong>Google Maps<\/strong><\/p>\n<p>Diese Seite nutzt \u00fcber eine API den Kartendienst Google Maps. Anbieter ist die Google Inc., 1600 Amphitheatre Parkway, Mountain View, CA 94043, USA. Zur Nutzung der Funktionen von Google Maps ist es notwendig, Ihre IP Adresse zu speichern. Diese Informationen werden in der Regel an einen Server von Google in den USA \u00fcbertragen und dort gespeichert. Der Anbieter dieser Seite hat keinen Einfluss auf diese Daten\u00fcbertragung. Die Nutzung von Google Maps erfolgt im Interesse einer ansprechenden Darstellung unserer Online-Angebote und an einer leichten Auffindbarkeit der von uns auf der Website angegebenen Orte. Dies stellt ein berechtigtes Interesse im Sinne von Art. 6 Abs. 1 lit. f DSGVO dar. Mehr Informationen zum Umgang mit Nutzerdaten finden Sie in der Datenschutzerkl\u00e4rung von Google: https:\/\/www.google.de\/intl\/de\/policies\/privacy\/.<\/p>\n<p>&nbsp;<\/p>\n<p><strong>YouTube-Videos:<\/strong><\/p>\n<p>Schon das blo\u00dfe \u00d6ffnen von Internetseiten mit eingebetteten YouTube-Inhalten erzeugt eine Verbindung zu \u201eGoogle Double-Click\u201c, auch wenn das Video weder angeklickt noch abgespielt wird. Unser Internetangebot ist mit einem <strong>YouTube-Plugin <\/strong>ausgestattet. Sobald Sie mit YouTube-Plugin ausgestattete Seiten besuchen wird eine Verbindung mit einem YouTube-Server hergestellt. Dabei wird diesem Server mitgeteilt, welche unserer Seiten Sie besucht haben. Wenn Sie zu diesem Zeitpunkt in Ihrem YouTube-Account eingeloggt sind versetzen Sie YouTube in die Lage Ihr Surfverhalten Ihrem pers\u00f6nlichen Profil zuzuordnen. Wir haben YouTube jedoch durch eine Zwei Klick L\u00f6sung eingebunden, dadurch werden Ihre Daten erst nach Aufruf des Videos an YouTube \u00fcbermittelt. Wenn Sie sich vor dem Besuch unserer Seiten aus Ihrem YouTube-Account ausloggen k\u00f6nnen sie dies verhindern. Weitere Informationen zu der Handhabung Ihrer Nutzerdaten von YouTube finden Sie unter <a href=\"https:\/\/www.google.de\/intl\/de\/policies\/privacy\">https:\/\/www.google.de\/intl\/de\/policies\/privacy<\/a>, in der f\u00fcr YouTube geltenden Datenschutzerkl\u00e4rung von Google Inc.<\/p>\n<p>&nbsp;<\/p>\n<p><strong>\u00c4nderungen der Datenschutzerkl\u00e4rung:<\/strong><\/p>\n<p>Wir behalten uns vor diese Datenschutzerkl\u00e4rung zu \u00e4ndern, um Sie an ge\u00e4nderte Rechtslagen und technische Standards anzupassen. Unserer Nutzer werden gebeten sich regelm\u00e4\u00dfig zu informieren. Diese Datenschutzerkl\u00e4rung befindet sich derzeit auf dem Stand vom 24.05.2018.<\/p>\n<\/div>\n","protected":false},"excerpt":{"rendered":"<div class=\"slide-text-bg2\"><span>Der Schutz und die Sicherheit Ihrer pers\u00f6nlichen Daten steht f\u00fcr uns an erster Stelle. Ihre personenbezogenen Daten werden von uns stets vertraulich und <\/span><\/div>\n<div class=\"slide-btn-area-sm\"><a href=\"https:\/\/tru-germany.de\/?page_id=31\" class=\"slide-btn-sm\">weiterlesen<\/a><\/div>\n","protected":false},"author":3,"featured_media":0,"parent":0,"menu_order":0,"comment_status":"closed","ping_status":"closed","template":"","meta":[],"_links":{"self":[{"href":"https:\/\/tru-germany.de\/index.php?rest_route=\/wp\/v2\/pages\/31"}],"collection":[{"href":"https:\/\/tru-germany.de\/index.php?rest_route=\/wp\/v2\/pages"}],"about":[{"href":"https:\/\/tru-germany.de\/index.php?rest_route=\/wp\/v2\/types\/page"}],"author":[{"embeddable":true,"href":"https:\/\/tru-germany.de\/index.php?rest_route=\/wp\/v2\/users\/3"}],"replies":[{"embeddable":true,"href":"https:\/\/tru-germany.de\/index.php?rest_route=%2Fwp%2Fv2%2Fcomments&post=31"}],"version-history":[{"count":3,"href":"https:\/\/tru-germany.de\/index.php?rest_route=\/wp\/v2\/pages\/31\/revisions"}],"predecessor-version":[{"id":74,"href":"https:\/\/tru-germany.de\/index.php?rest_route=\/wp\/v2\/pages\/31\/revisions\/74"}],"wp:attachment":[{"href":"https:\/\/tru-germany.de\/index.php?rest_route=%2Fwp%2Fv2%2Fmedia&parent=31"}],"curies":[{"name":"wp","href":"https:\/\/api.w.org\/{rel}","templated":true}]}}