{"id":2,"date":"2016-05-10T03:48:21","date_gmt":"2016-05-10T03:48:21","guid":{"rendered":"http:\/\/tru-germany.de\/?page_id=2"},"modified":"2020-12-26T19:32:58","modified_gmt":"2020-12-26T19:32:58","slug":"sample-page","status":"publish","type":"page","link":"https:\/\/tru-germany.de\/?page_id=2","title":{"rendered":"Wir \u00fcber uns"},"content":{"rendered":"<p>Die Technical Rescue Unit Germany e.V. ist ein gemeinn\u00fctziger Verein aus Rettungsspezialisten die im Dezember 2014 in Langenselbold bei Frankfurt am Main gegr\u00fcndet wurde. Die Organisation besteht aus rund 80 Mitgliedern aus ganz Deutschland welche zu 100% ehrenamtlich t\u00e4tig sind und \u00fcber die Vereinsarbeit keinerlei Geld oder Zuwendungen erhalten.<\/p>\n<h4><span style=\"color: #ff6600;\"><strong>Unsere Aufgabe<\/strong><\/span><\/h4>\n<p>Wir Betreuen verschiedener Veranstaltungen im Bereich des Motor- und Rennsports. Hilfe und Unterst\u00fctzung stellt der Verein dabei im Rahmen seiner M\u00f6glichkeiten bedingungslos und ohne Ber\u00fccksichtigung von der Herkunft, der Abstammung, der Zugeh\u00f6rigkeit oder dem Bekenntnis zu einer Gemeinschaft zur Verf\u00fcgung.<\/p>\n<h4><span style=\"color: #ff6600;\"><strong>Unsere Partner<\/strong><\/span><\/h4>\n<p>Im Rahmen unserer T\u00e4tigkeit arbeiten wir mit Unternehmen zusammen, welche uns auf verschiedene Art und Weise unterst\u00fctzen oder unterst\u00fctzt haben. \u00dcbergeben sie als Unternehmen eine Spende (Zeit-, Sach- oder Geldzuwendung) an unsere Organisation, so werden sie als Partnerunternehmen eingestuft und erhalten somit folgende Vorteile:<\/p>\n<ul>\n<li>Im Rahmen einer Sachspende erhalten sie von uns einen Test- und Einsatzbericht mitsamt Bildmaterial \u00fcber das gespendete Material, den sie im Rahmen ihres Marketings frei verwenden k\u00f6nnen.<\/li>\n<li>Eine Pressemitteilung \u00fcber die \u00dcbergabe der Zuwendung wird regional und \u00fcberregional \u00fcber unsere Kan\u00e4le an die Medien (aktuell 13 Redaktionen) herausgegeben.<\/li>\n<li>Ihr Unternehmenslogo und die Pressemitteilung wird im Rahmen der Ver\u00f6ffentlichung auf unserer Internetpr\u00e4senz (ca. 3000 \u2013 4000 Zugriffe im Monat) und Facebookseite publiziert und herausgegeben.<\/li>\n<li>Sie werden mit ihrem Unternehmenslogo und Verlinkung auf ihre Internetpr\u00e4senz im Bereich der Partnerunternehmen auf unserer Internetpr\u00e4senz aufgelistet.<\/li>\n<li>Pr\u00e4sentation unserer Partnerunternehmen auf Messest\u00e4nden und Werbeveranstaltungen (z.B. RETTmobil 2018)<\/li>\n<li>Weiter erm\u00f6glichen wir Ihnen die Teilnahme an vereinsinternen Ausbildungsveranstaltungen und Versammlungen, um sich selbst ein Bild \u00fcber unsere Organisation und unsere Arbeit machen zu k\u00f6nnen.<\/li>\n<\/ul>\n<h4><strong><span style=\"color: #ff6600;\">Einige Fakten im \u00dcberblick<\/span><\/strong><\/h4>\n<ul>\n<li>Eingetragener Verein beim Amtsgericht Hanau (VR 32095)<\/li>\n<li>gegr\u00fcndet im Juni 2014 und eingetragen im Dezember 2014<\/li>\n<li>Vereinssitz in 63505 Langenselbold bei Frankfurt am Main<\/li>\n<li>gemeinn\u00fctzig anerkannt durch das Finanzamt Hanau<br \/>\nmit dem gemeinn\u00fctzigem Zweck des Feuer-, Arbeits- und<br \/>\nKatastrophenschutz (\u00a752 Abs. 2 Satz 1 Nr. 12 AO )<\/li>\n<li>Vereinsarbeit zu 100% ehrenamtlich organisiert (auch die Verwaltung)<\/li>\n<li>Finanzierung durch Vereinsarbeit, Spenden und Mitgliedsbeitr\u00e4ge<\/li>\n<li>Ausstellung von steuerlich abzugsf\u00e4higen Spendenbescheinigungen m\u00f6glich<\/li>\n<li>aktuell ca. 40 Einsatzkr\u00e4fte aus ganz Deutschland<\/li>\n<li>verschiedene Werbe- und Ver\u00f6ffentlichungsplattformen<\/li>\n<\/ul>\n","protected":false},"excerpt":{"rendered":"<div class=\"slide-text-bg2\"><span>Die Technical Rescue Unit Germany e.V. ist ein gemeinn\u00fctziger Verein aus Rettungsspezialisten die im Dezember 2014 in Langenselbold bei Frankfurt am Main <\/span><\/div>\n<div class=\"slide-btn-area-sm\"><a href=\"https:\/\/tru-germany.de\/?page_id=2\" class=\"slide-btn-sm\">weiterlesen<\/a><\/div>\n","protected":false},"author":3,"featured_media":0,"parent":0,"menu_order":0,"comment_status":"closed","ping_status":"open","template":"","meta":[],"_links":{"self":[{"href":"https:\/\/tru-germany.de\/index.php?rest_route=\/wp\/v2\/pages\/2"}],"collection":[{"href":"https:\/\/tru-germany.de\/index.php?rest_route=\/wp\/v2\/pages"}],"about":[{"href":"https:\/\/tru-germany.de\/index.php?rest_route=\/wp\/v2\/types\/page"}],"author":[{"embeddable":true,"href":"https:\/\/tru-germany.de\/index.php?rest_route=\/wp\/v2\/users\/3"}],"replies":[{"embeddable":true,"href":"https:\/\/tru-germany.de\/index.php?rest_route=%2Fwp%2Fv2%2Fcomments&post=2"}],"version-history":[{"count":7,"href":"https:\/\/tru-germany.de\/index.php?rest_route=\/wp\/v2\/pages\/2\/revisions"}],"predecessor-version":[{"id":237,"href":"https:\/\/tru-germany.de\/index.php?rest_route=\/wp\/v2\/pages\/2\/revisions\/237"}],"wp:attachment":[{"href":"https:\/\/tru-germany.de\/index.php?rest_route=%2Fwp%2Fv2%2Fmedia&parent=2"}],"curies":[{"name":"wp","href":"https:\/\/api.w.org\/{rel}","templated":true}]}}